{"id":4,"date":"2016-12-26T12:55:51","date_gmt":"2016-12-26T11:55:51","guid":{"rendered":"https:\/\/werkstattimhof.klaura.net\/?page_id=4"},"modified":"2022-02-17T10:59:31","modified_gmt":"2022-02-17T09:59:31","slug":"start","status":"publish","type":"page","link":"https:\/\/www.werkstattimhof.at\/","title":{"rendered":"start"},"content":{"rendered":"<h1>bei uns gibt es:<\/h1>\n<ul>\n<li>b\u00e4uerliche produkte aus der region<\/li>\n<li>individuell gestaltetes dekor<\/li>\n<li>geschenkartikel<\/li>\n<\/ul>\n<p>in einem entspannten rahmen, mit zeit zum schm\u00f6kern, vollgef\u00fcllt mit erinnerungen, n\u00fctzlichen kleinigkeiten, stilvoll anziehbarem, feinstem kunsthandwerk und schmackhaften leckereien.<\/p>\n<p>kommt vorbei, schm\u00f6kert und lasst euch inspirieren.<\/p>\n<div class=\"\">\n<div class=\"col span_1_of_2\" align=\"center\"><a href=\"index.php\/galerie\/\"><img decoding=\"async\" loading=\"lazy\" class=\"alignnone wp-image-32 size-medium\" src=\"https:\/\/www.werkstattimhof.at\/wp-content\/uploads\/2016\/12\/06-300x200.jpg\" alt=\"\" width=\"300\" height=\"200\" \/><\/a><\/div>\n<div class=\"col span_1_of_2\" align=\"center\"><a href=\"index.php\/galerie\/\"><img decoding=\"async\" loading=\"lazy\" class=\"alignnone wp-image-38 size-medium\" src=\"https:\/\/www.werkstattimhof.at\/wp-content\/uploads\/2016\/12\/37-300x200.jpg\" alt=\"\" width=\"300\" height=\"200\" \/><\/a><\/div>\n<\/div>\n","protected":false},"excerpt":{"rendered":"<p>bei uns gibt es: b\u00e4uerliche produkte aus der region individuell gestaltetes dekor geschenkartikel in einem entspannten rahmen, mit zeit zum schm\u00f6kern, vollgef\u00fcllt mit erinnerungen, n\u00fctzlichen kleinigkeiten, stilvoll anziehbarem, feinstem kunsthandwerk und schmackhaften leckereien. kommt vorbei, schm\u00f6kert und lasst euch inspirieren.<\/p>\n","protected":false},"author":2,"featured_media":0,"parent":0,"menu_order":0,"comment_status":"closed","ping_status":"closed","template":"","meta":[],"_links":{"self":[{"href":"https:\/\/www.werkstattimhof.at\/index.php\/wp-json\/wp\/v2\/pages\/4"}],"collection":[{"href":"https:\/\/www.werkstattimhof.at\/index.php\/wp-json\/wp\/v2\/pages"}],"about":[{"href":"https:\/\/www.werkstattimhof.at\/index.php\/wp-json\/wp\/v2\/types\/page"}],"author":[{"embeddable":true,"href":"https:\/\/www.werkstattimhof.at\/index.php\/wp-json\/wp\/v2\/users\/2"}],"replies":[{"embeddable":true,"href":"https:\/\/www.werkstattimhof.at\/index.php\/wp-json\/wp\/v2\/comments?post=4"}],"version-history":[{"count":13,"href":"https:\/\/www.werkstattimhof.at\/index.php\/wp-json\/wp\/v2\/pages\/4\/revisions"}],"predecessor-version":[{"id":107,"href":"https:\/\/www.werkstattimhof.at\/index.php\/wp-json\/wp\/v2\/pages\/4\/revisions\/107"}],"wp:attachment":[{"href":"https:\/\/www.werkstattimhof.at\/index.php\/wp-json\/wp\/v2\/media?parent=4"}],"curies":[{"name":"wp","href":"https:\/\/api.w.org\/{rel}","templated":true}]}}

<h1>bei uns gibt es:</h1>
<ul>
<li>bäuerliche produkte aus der region</li>
<li>individuell gestaltetes dekor</li>
<li>geschenkartikel</li>
</ul>
<p>in einem entspannten rahmen, mit zeit zum schmökern, vollgefüllt mit erinnerungen, nützlichen kleinigkeiten, stilvoll anziehbarem, feinstem kunsthandwerk und schmackhaften leckereien.</p>
<p>kommt vorbei, schmökert und lasst euch inspirieren.</p>
<div class="">
<div class="col span_1_of_2" align="center"><a href="index.php/galerie/"><img decoding="async" loading="lazy" class="alignnone wp-image-32 size-medium" src="https://www.werkstattimhof.at/wp-content/uploads/2016/12/06-300x200.jpg" alt="" width="300" height="200" /></a></div>
<div class="col span_1_of_2" align="center"><a href="index.php/galerie/"><img decoding="async" loading="lazy" class="alignnone wp-image-38 size-medium" src="https://www.werkstattimhof.at/wp-content/uploads/2016/12/37-300x200.jpg" alt="" width="300" height="200" /></a></div>
</div>

<p>bei uns gibt es: bäuerliche produkte aus der region individuell gestaltetes dekor geschenkartikel in einem entspannten rahmen, mit zeit zum schmökern, vollgefüllt mit erinnerungen, nützlichen kleinigkeiten, stilvoll anziehbarem, feinstem kunsthandwerk und schmackhaften leckereien. kommt vorbei, schmökert und lasst euch inspirieren.</p>
